mposite number?
True
Is 167609 prime?
False
Is 12661 prime?
False
Is 50983 composite?
True
Is 386873 a composite number?
True
Is 13021 prime?
False
Is 48589 prime?
True
Is 771607 a composite number?
False
Is 3856561 composite?
False
Is 21221 a prime number?
True
Is 462469 a composite number?
True
Is 1318457 prime?
False
Is 21921 a prime number?
False
Is 75269 a composite number?
False
Is 2927 composite?
False
Is 3985537 prime?
True
Is 2062663 a prime number?
False
Is 121039 a prime number?
True
Is 53995 prime?
False
Is 27361 prime?
True
Is 183071 prime?
False
Is 17011 composite?
False
Is 67951 prime?
False
Is 33287 composite?
False
Is 91831 a prime number?
False
Is 7027255 composite?
True
Is 15833 composite?
True
Is 23869 a composite number?
False
Is 5851 composite?
False
Is 35617 a prime number?
True
Is 240659 a prime number?
True
Is 278029 composite?
False
Is 12883 composite?
True
Is 80621 a composite number?
False
Is 17601 a prime number?
False
Is 25535 a prime number?
False
Is 3611 composite?
True
Is 22427 prime?
False
Is 267923 a prime number?
False
Is 541393 composite?
True
Is 7723 composite?
False
Is 2508041 prime?
True
Is 12569 prime?
True
Is 140255 prime?
False
Is 25817 a composite number?
True
Is 15761 composite?
False
Is 8887 a composite number?
False
Is 71593 a composite number?
False
Is 1255 a composite number?
True
Is 729127 composite?
True
Is 33958 a prime number?
False
Is 22709 composite?
False
Is 12707 a prime number?
False
Is 8467 a prime number?
True
Is 44939 prime?
True
Is 282781 a composite number?
True
Is 4831 composite?
False
Is 4327 a composite number?
False
Is 18215 a composite number?
True
Is 22013 prime?
True
Is 9793 prime?
False
Is 284407 composite?
False
Is 2265973 prime?
False
Is 6193 composite?
True
Is 78763 composite?
True
Is 72073 prime?
True
Is 2119031 a prime number?
True
Is 5191 prime?
False
Is 3785 prime?
False
Is 736493 prime?
False
Is 9871 a composite number?
False
Is 45379 a composite number?
True
Is 5923 a composite number?
False
Is 1202573 composite?
True
Is 2213323 composite?
True
Is 23723 a prime number?
False
Is 105439 composite?
True
Is 103498 a composite number?
True
Is 721183 a prime number?
False
Is 2264989 prime?
False
Is 499 prime?
True
Is 309369 a composite number?
True
Is 2211983 prime?
True
Is 47621 a prime number?
False
Is 38767 composite?
False
Is 256441 composite?
False
Is 335267 a composite number?
True
Is 86477 composite?
False
Is 126509 composite?
True
Is 1398766 prime?
False
Is 1817 composite?
True
Is 9601 a composite number?
False
Is 2469497 a prime number?
True
Is 8639 a composite number?
True
Is 55294 a composite number?
True
Is 10546 composite?
True
Is 168983 a composite number?
True
Is 67763 composite?
False
Is 385771 composite?
False
Is 483373 a composite number?
True
Is 112899 composite?
True
Is 24011 prime?
False
Is 8707 composite?
False
Is 257351 a composite number?
False
Is 38371 composite?
False
Is 19561 a composite number?
True
Is 64151 prime?
True
Is 4547 a composite number?
False
Is 136811 a prime number?
True
Is 166767 a prime number?
False
Is 3833 composite?
False
Is 51551 prime?
True
Is 53047 a composite number?
False
Is 69557 a composite number?
False
Is 68545 composite?
True
Is 1319 prime?
True
Is 82653 composite?
True
Is 698051 prime?
True
Is 1438 a prime number?
False
Is 78509 a prime number?
True
Is 26623 a composite number?
True
Is 235437 prime?
False
Is 10981 a composite number?
True
Is 173093 a prime number?
False
Is 30111 a prime number?
False
Is 3082165 a prime number?
False
Is 35879 a composite number?
False
Is 393529 composite?
True
Is 10651 prime?
True
Is 12283 composite?
True
Is 36215 a prime number?
False
Is 3359 a composite number?
False
Is 652133 a prime number?
False
Is 87335 composite?
True
Is 26342 composite?
True
Is 598261 a composite number?
False
Is 2027 prime?
True
Is 278459 a composite number?
False
Is 11197 a prime number?
True
Is 787 a composite number?
False
Is 5509 prime?
False
Is 44539 a prime number?
False
Is 13021 composite?
True
Is 1937 composite?
True
Is 64642 composite?
True
Is 2816969 a prime number?
True
Is 99457 a prime number?
False
Is 2515 a composite number?
True
Is 1273579 a composite number?
True
Is 162121 composite?
True
Is 129853 a prime number?
True
Is 451657 composite?
False
Is 1893 a prime number?
False
Is 1120073 a prime number?
True
Is 6491 a prime number?
True
Is 379 a composite number?
False
Is 16843 a composite number?
False
Is 1709 a prime number?
True
Is 731411 a prime number?
False
Is 160253 a prime number?
True
Is 1543 prime?
True
Is 57463 a prime number?
False
Is 58039 a prime number?
False
Is 1733 a prime number?
True
Is 38543 a composite number?
False
Is 119417 composite?
False
Is 49721 composite?
True
Is 19562 a composite number?
True
Is 7817 a prime number?
True
Is 32605 a composite number?
True
Is 2983713 composite?
True
Is 129367 composite?
True
Is 5965 a composite number?
True
Is 163 a prime number?
True
Is 259801 prime?
True
Is 1310891 a prime number?
True
Is 3401353 composite?
True
Is 46955 a composite number?
True
Is 86197 a prime number?
True
Is 3607 prime?
True
Is 154379 a prime number?
False
Is 40751 prime?
True
Is 30329 a composite number?
True
Is 877 composite?
False
Is 4265 a composite number?
True
Is 19799 prime?
False
Is 5981 a composite number?
False
Is 9451 composite?
True
Is 9511 a composite number?
False
Is 2579 a prime number?
True
Is 39599 composite?
True
Is 2209 composite?
True
Is 3046 composite?
True
Is 11959 a composite number?
False
Is 429321 prime?
False
Is 1567619 a prime number?
False
Is 628253 composite?
True
Is 2283 a composite number?
True
Is 1373 a prime number?
True
Is 171529 composite?
False
Is 32141 prime?
True
Is 201149 prime?
False
Is 3071 prime?
False
Is 43691 a composite number?
False
Is 6697 a prime number?
False
Is 24707 composite?
True
Is 20789 prime?
True
Is 58711 a prime number?
True
Is 7555 prime?
False
Is 25733 prime?
True
Is 1843 a prime number?
False
Is 154793 a prime number?
False
Is 26903 a prime number?
True
Is 18053 composite?
True
Is 1009837 composite?
False
Is 8077 a composite number?
True
Is 16774 prime?
False
Is 32003 a composite number?
False
Is 81331 a prime number?
True
Is 1301777 composite?
True
Is 3791 composite?
True
Is 10391 composite?
False
Is 11213 a prime number?
True
Is 230189 composite?
False
Is 17521 prime?
False
Is 1351363 prime?
False
Is 65731 prime?
True
Is 19001 composite?
False
Is 8997 a prime number?
False
Is 367679 prime?
False
Is 92021 a composite number?
True
Is 32989 prime?
False
Is 39709 prime?
True
Is 1121 a composite number?
True
Is 150299 a composite number?
False
Is 114547 prime?
True
Is 6329 prime?
True
Is 313787 composite?
True
Is 9239 a prime number?
True
Is 26777 prime?
True
Is 584419 prime?
False
Is 738427 a prime number?
False
Is 158623 a composite number?
True
Is 39761 composite?
False
Is 31379 composite?
False
Is 14029 composite?
False
Is 529313 prime?
True
Is 130493 a prime number?
False
Is 85317 a composite number?
True
Is 102997 a composite number?
True
Is 183871 prime?
True
Is 87833 a composite number?
False
Is 47833 a prime number?
False
Is 20841 a prime number?
False
Is 468511 a composite number?
True
Is 151091 prime?
True
Is 2797526 prime?
False
Is 78047 a prime number?
False
Is 549313 prime?
True
Is 8903 a composite number?
True
Is 70891 prime?
True
Is 4493 prime?
True
Is 14809 a composite number?
True
Is 7123 prime?
False
Is 1958861 a composite number?
False
Is 7039 composite?
False
Is 246359 composite?
True
Is 45853 a prime number?
True
Is 24319 a prime number?
False
Is 10771 a prime number?
True
Is 7601 a composite number?
True
Is 59611 a composite number?
False
Is 2563 composite?
True
Is 25423 prime?
True
Is 19849 a composite number?
True
Is 104645 a composite number?
True
Is 1258147 a composite number?
True
Is 1417 prime?
False
Is 224101 prime?
True
Is 3061315 a composite number?
True
Is 31522 a prime number?
False
Is 307 composite?
False
Is 94151 prime?
True
Is 144559 a prime number?
False
Is 641 prime?
True
Is 518411 a composite number?
False
Is 407 a prime number?
False
Is 2053 a prime number?
True
Is 1507 composite?
True
Is 198791 prime?
False
Is 3607 a composite number?
False
Is 17183 prime?
Tr